 x composite?
False
Let n(m) = -7*m**3 + 30*m**2 + 12*m - 89. Is n(-16) a composite number?
True
Let w(q) = -6*q - 47. Let p be w(-11). Let b(h) = -63*h + p - 150*h - 2 - 10*h. Is b(-8) composite?
False
Suppose 2*h = 4*m + 328318, h + 4*m = 70466 + 93675. Is h composite?
True
Let t(i) = -i - 1. Let q be t(4). Suppose -520*v = -522*v + 10240. Is (q - v/(-15))*3*1 composite?
False
Let l = -55 - -59. Suppose l*u - u - 45 = 0. Suppose u*q = 6*q + 1206. Is q prime?
False
Let k(w) = 20*w**3 - w**2 - 14*w + 13. Let j be k(4). Suppose 3*a + 1963 = 2*y, -2*y - 5*a = -3192 + j. Is y a prime number?
True
Let s be 320/(-3 + 1)*2/(-4). Let h = s - 8. Suppose 0 = 3*j + h - 507. Is j composite?
True
Suppose i - 3*i - 3204 = 4*z, -3*i = 4*z + 4798. Let p = -2358 - i. Is (75/30)/((-2)/p) prime?
False
Is -1 + (8 + -10324)*1*-1 composite?
True
Suppose -4*s + 1056 = 5*j - 4*j, -2*s + 2*j + 538 = 0. Suppose r = -r + 768. Let t = r - s. Is t a prime number?
False
Let x(z) be the first derivative of z**6/72 + z**5/24 + 5*z**4/24 + 9*z**3 + 12. Let f(d) be the third derivative of x(d). Is f(14) a composite number?
True
Let w = 7547 + 19986. Is w prime?
False
Suppose 0 = 22*c - 23*c - 1. Let v(y) = -10*y**3 - y**2 + 3*y + 3. Let r be v(c). Suppose -15*p + 894 = -r*p. Is p a prime number?
True
Suppose 54*f - 12040607 = 16042437 + 12433750. Is f a composite number?
False
Suppose 4*u = -12, -l + 6*u = u - 18. Is l composite?
False
Suppose 0 = 13*j - 9*j - 5*k - 2143410, 4*k + 535847 = j. Is j prime?
False
Suppose -4*d + 5*m = -6551950, 0 = -3*d + d + 5*m + 3275970. Is (-2)/(-6) + d/111 a prime number?
False
Let f(t) = t + 6. Let j be f(-11). Let w = j + 5. Suppose 5*d - 3*l = -91 + 483, 3*d - 3*l - 234 = w. Is d a composite number?
False
Is 1598666765/2342*4/(-30)*-3 composite?
False
Suppose 2*l + 33 = 5*a - 0*l, 0 = -4*a + 3*l + 25. Suppose -32 + 11 = -a*i. Suppose -i*r - 2390 = -5*c - 8*r, -4*c + r + 1912 = 0. Is c a composite number?
True
Let u = 39745 + 27358. Is u prime?
True
Let m be (3/(-9))/(-1 - (-7)/6). Let v be (-5)/((-165)/2469) - m/11. Suppose f - v = 28. Is f a prime number?
True
Let s(n) = 455*n + 1048. Is s(47) a prime number?
True
Suppose -35*j + 19910 = -32*j + w, 4*j - 26543 = -5*w. Is j a prime number?
True
Let m(f) = -23*f**3 + 3*f**2 + 8*f + 7. Suppose 7*g + 226 = 1528. Let d be (-5 + g/30)*5/(-2). Is m(d) prime?
True
Let g = -242 - -244. Is ((-8)/(-2))/((44/4169)/g) a prime number?
False
Let s be (-12)/(-8)*-4*(-4)/(-8). Let u be -9*(s + (-5)/(-3) + 1). Suppose 0 = u*b - 2368 - 1739. Is b a prime number?
False
Suppose 214 = 5*y - 11. Let h = 45 - y. Let l = 74 - h. Is l composite?
True
Let p be (-171*2/(-3))/(4/306). Let l = -1316 + p. Is l a prime number?
False
Suppose -14*s + 16*s = 10. Suppose 2*v - a = -6*a + 9, s*v - 3*a = 7. Suppose 5*q - q - 716 = 5*k, 0 = v*q + k - 358. Is q composite?
False
Suppose u = 2*u + 5*y + 15, 30 = 4*u + 2*y. Is 2924/u - 5/(50/(-6)) prime?
True
Suppose 0 = -4*f - 7*b + 348593, 0 = -3*f + 2*f - 2*b + 87147. Is f a prime number?
False
Is (34 + -32)/((-10)/(-407965)) a composite number?
True
Suppose -55 - 9 = -16*f. Suppose -4*n - f*n + 19616 = 0. Suppose -5*i + n = 597. Is i prime?
False
Let x(a) = 9 - 5*a - 4*a + 4 + 7*a. Let j be x(5). Suppose -j*h + 705 - 211 = m, 986 = 2*m + 4*h. Is m prime?
True
Let d(b) = -721*b - 55. Let v(z) = 1442*z + 109. Let w(h) = 7*d(h) + 4*v(h). Is w(4) prime?
False
Let f = -2083 + 6245. Is f composite?
True
Suppose x + 296 = 3*n, 2*x - 4*x = -5*n + 495. Suppose 117*h - 274520 = n*h. Is h a composite number?
True
Let n = -1025 + 5072. Let f = n + -2666. Is f composite?
False
Let w(k) = -4*k**3 + 226*k**2 + 79*k + 57. Is w(52) a prime number?
True
Is 866298 + (13 + -51 - -22) a composite number?
True
Let q(l) = 6*l**2 + 6*l + 4. Let u be q(-1). Let j be -2*((-8)/u + -3). Is 2*(-1 + 9755/j) composite?
False
Suppose -4*x - 5*k - 35890 = 0, -4*x + 3*x + 5*k - 8960 = 0. Let a = x + 13699. Is a a composite number?
False
Let p = 29 + -33. Let x = p + 60. Suppose 0*n - 164 = -3*o - 5*n, o - x = -n. Is o composite?
True
Let f(q) = -q + 28. Let w be f(-20). Suppose -2*m + 6*m - 3*n = w, 4*m + n - 48 = 0. Let a(k) = k**3 - 10*k**2 - 23*k + 7. Is a(m) a composite number?
False
Suppose -5693 = -2*i - 5*l, i - 3*l - 150 - 2691 = 0. Let g = -197 + i. Is g a prime number?
True
Let w(q) = -q**3 - 11*q**2 + 26*q + 2. Let i be w(-13). Suppose -i*b - 8 = 3*c, -5*b + 3*b + 3*c = -4. Is (-2 - 211/b) + 0 composite?
True
Let j(s) be the third derivative of 83*s**4/24 - 27*s**3/2 - 43*s**2. Is j(29) a composite number?
True
Let x(l) = -5*l**2 + 0*l - 2 - l + 6*l**2 + 3. Let o be x(0). Is (-1)/o*((-190 - 0) + 3) prime?
False
Let q(y) = -2 + 2*y**3 + 2 + 7 + y**2 - y. Let d be q(-3). Let f = d - -58. Is f a prime number?
True
Let h be 1/(((-2)/26)/(-9 - -6)). Suppose -h = f - 2*u - 1018, -3916 = -4*f + 2*u. Is f prime?
False
Suppose -3*u = y - 0*u + 9, -5*u - 15 = 3*y. Is y + 1 - (-2300)/(4/2) a prime number?
True
Let x = -7023 - -53284. Is x prime?
True
Let g(n) = 1122*n - 81. Let f be g(-6). Let o = 5366 - f. Is o a prime number?
False
Suppose -4*o = 19*j - 1955406, 0 = -2*j + 18 - 22. Is o a composite number?
False
Let r = 5197 - -922. Is r a composite number?
True
Let r = 542074 - 322353. Is r a composite number?
False
Let t = 19782 - -71. Is t prime?
True
Let k(n) = n**3 + 4*n**2 - 13*n + 4. Let z be k(-6). Let f be z/4*4*4/8. Is 2*(508/20)/(2/f) a prime number?
True
Let m(t) = -t**3 - 21*t**2 - 17*t - 1. Let p be m(-19). Let c = -1696 + p. Is (-7)/(28/(-12)) - c a composite number?
False
Suppose 3391 - 16393 = -2*b. Let f = 12140 - b. Is f a composite number?
False
Let w = 244910 - 145509. Is w a prime number?
True
Let j be (2 - (12 - -3))*(-97)/(-1). Let t be (j/4 + -1)/(33/(-132)). Suppose -6*w - 3155 = -5*g - 2*w, t = 2*g - w. Is g a composite number?
True
Let r = -70 - -121. Let l = 256 - r. Suppose n - 882 = -l. Is n composite?
False
Suppose -12*j = -10*j - 5*y - 1875892, 2*j - 4*y = 1875894. Is j a composite number?
True
Suppose -12*i = 4*i - 32. Suppose -12 = -r - 0*c + i*c, 5*r - c = 15. Is 708/9 - r/(-6) a prime number?
True
Suppose 8*g - 20*g + 1020 = 0. Let f = g + -83. Suppose 5*y + 399 = d + y, f*d - 783 = 5*y. Is d a prime number?
True
Suppose 23017945 = 245*s + 1798250. Is s prime?
False
Let n = -25 + 33. Let f be n*3/6 + -2. Is (707 + 4)*f/6 composite?
True
Let d(f) = 8*f**3 - 11*f**2 - 6*f - 7. Let y(m) = 9*m - 4. Let g be y(2). Let r be d(g). Suppose 7577 = 6*x - r. Is x a prime number?
True
Suppose 6*s = 9*s - 9471. Let l = s + -2032. Suppose l = i + 4*b, -2*b + 0*b - 8 = 0. Is i a composite number?
True
Let k = 803073 + 119956. Is k composite?
False
Suppose -32123 = -3*x + i + 96889, 0 = -3*x - 3*i + 129036. Is x prime?
False
Is ((-14)/70)/((32/787820)/(-8)) a composite number?
True
Suppose 15*f + 4*f = 7*f. Suppose -15*w - 4*w + 323399 = f. Is w composite?
False
Suppose -u - 4 = 0, 2*u = 2*x + 3 - 11. Suppose x = -12*r - 215 + 29579. Is r a prime number?
True
Let j(y) = -7*y**3 + 2*y**2 - 4*y + 4. Let k be j(2). Let u be 2/(-12) + k/(-24). Suppose w - u = -0*w, -1039 = -r - 4*w. Is r prime?
True
Let r be (0/5 - 1)*-1. Let y be r/((-12)/15 - -1). Is 867*4/60*y a composite number?
True
Let k(i) = 38*i**2 - 29*i + 17. Let j be k(21). Suppose -n - 24219 = -3*g + 3*n, -4*n + j = 2*g. Is g a prime number?
False
Let v be 57373 + (-6)/9*-12. Suppose -5*s = -h - 3*h - v, 3*s - 34434 = -3*h. Is s a composite number?
True
Let h(x) = 18*x**2 + 22*x + 14. Let n be h(-7). Suppose -111 = w - n. Is w composite?
False
Let h(v) = 978*v**2 - 20 - 28 - 9*v + 36. Is h(-3) a prime number?
False
Let g be (-7 - -10) + (-20)/(-5). Suppose -113337 = -3*c + 3*k, -g*c + 9*c - 75568 = -3*k. Is c composite?
False
Suppose 12*m = 2*m - 120. Is (88/m - -1)*(6 - 165) composite?
True
Is (2 - (-52)/(-20)) + (-5685450)/(-125) prime?
False
Suppose 4*g = 46 + 2. Let s(t) = -11 + 37 - g + 11 - 322*t. Is s(-3) a prime number?
True
Let w(z) = -23074*z - 507. Is w(-4) composite?
True
Let d(u) = 21*u - 10. Suppose -6*c = 30 + 30. Let q be d(c). Let h = q - -1361. Is h composite?
True
Suppose 111*p = -112*p + 45*p + 16830434. Is p composite?
True
Suppose 0 = 41*q - 4*q - 148. Suppose -q*f - 22940 = -3*u - 9*f, 4*f = -u + 7635